?
False
Is 355 a multiple of 21?
False
Does 15 divide 12692?
False
Does 4 divide 769?
False
Is 323 a factor of 80104?
True
Does 31 divide 5611?
True
Does 41 divide 30258?
True
Does 32 divide 273?
False
Is 51 a factor of 7073?
False
Does 30 divide 2190?
True
Is 13 a factor of 20523?
False
Does 7 divide 665?
True
Is 6018 a multiple of 10?
False
Does 40 divide 1920?
True
Is 13642 a multiple of 79?
False
Is 584 a multiple of 4?
True
Is 96 a multiple of 2?
True
Does 45 divide 52695?
True
Does 150 divide 8146?
False
Does 9 divide 968?
False
Is 19 a factor of 4927?
False
Does 13 divide 12298?
True
Does 5 divide 5690?
True
Does 3 divide 99?
True
Does 48 divide 892?
False
Is 4 a factor of 8900?
True
Does 16 divide 83805?
False
Is 96 a factor of 3516?
False
Is 21 a factor of 3523?
False
Is 4 a factor of 2563?
False
Is 140226 a multiple of 15?
False
Does 17 divide 23937?
False
Does 6 divide 40836?
True
Is 6 a factor of 198?
True
Does 241 divide 80494?
True
Is 8 a factor of 2821?
False
Is 4535 a multiple of 73?
False
Is 37148 a multiple of 157?
False
Does 35 divide 3605?
True
Does 38 divide 33225?
False
Is 125 even?
False
Does 26 divide 19513?
False
Is 12 a factor of 1872?
True
Does 110 divide 9350?
True
Is 17 a factor of 1819?
True
Is 7 a factor of 4109?
True
Is 20 a factor of 362?
False
Is 123 a factor of 33506?
False
Is 24 a factor of 648?
True
Is 5 a factor of 691?
False
Does 217 divide 29729?
True
Does 3 divide 445?
False
Is 15 a factor of 480?
True
Is 58 a factor of 564?
False
Is 90 a multiple of 5?
True
Is 15 a factor of 3623?
False
Does 35 divide 7560?
True
Does 43 divide 3397?
True
Does 13 divide 55978?
True
Does 112 divide 3441?
False
Does 39 divide 5211?
False
Does 63 divide 693?
True
Is 797 a multiple of 4?
False
Does 56 divide 1288?
True
Is 398 a multiple of 2?
True
Is 2741 a multiple of 84?
False
Does 5 divide 600?
True
Does 13 divide 3551?
False
Is 9195 a multiple of 215?
False
Does 96 divide 1582?
False
Does 59 divide 509?
False
Is 137 a factor of 36853?
True
Is 93 a factor of 1488?
True
Does 36 divide 4355?
False
Is 59 a factor of 443?
False
Is 610 a multiple of 3?
False
Is 28 a factor of 139?
False
Is 16 a factor of 505?
False
Is 8112 a multiple of 6?
True
Is 553 a multiple of 36?
False
Is 44 a factor of 3696?
True
Is 22 a factor of 2140?
False
Is 21 a factor of 2099?
False
Is 923 a multiple of 71?
True
Is 24285 a multiple of 57?
False
Is 159 a factor of 23045?
False
Does 118 divide 39612?
False
Is 3 a factor of 106?
False
Is 19764 a multiple of 195?
False
Is 5 a factor of 10?
True
Is 2028 a multiple of 2?
True
Does 8 divide 433?
False
Is 30940 a multiple of 70?
True
Does 84 divide 6441?
False
Does 26 divide 624?
True
Is 18 a factor of 1494?
True
Does 97 divide 46366?
True
Does 5 divide 25?
True
Is 1212 even?
True
Does 47 divide 8558?
False
Is 15402 a multiple of 102?
True
Does 186 divide 10008?
False
Does 6 divide 528?
True
Is 4 a factor of 424?
True
Is 91 a factor of 1092?
True
Is 170 a multiple of 17?
True
Does 15 divide 1410?
True
Is 33792 a multiple of 66?
True
Is 9 a factor of 1627?
False
Does 17 divide 4913?
True
Is 60 a factor of 9805?
False
Does 24 divide 1080?
True
Does 7 divide 1025?
False
Does 26 divide 4784?
True
Is 132 a multiple of 6?
True
Does 33 divide 300?
False
Is 1477 a multiple of 19?
False
Does 8 divide 38297?
False
Does 82 divide 1230?
True
Is 646 a multiple of 19?
True
Is 2580 a multiple of 60?
True
Does 6 divide 318?
True
Is 12 a factor of 1536?
True
Does 3 divide 267?
True
Does 21 divide 1356?
False
Does 24 divide 131?
False
Is 1843 a multiple of 55?
False
Is 13 a factor of 8189?
False
Does 59 divide 2055?
False
Does 19 divide 285?
True
Is 1603 a multiple of 44?
False
Is 78 a factor of 9516?
True
Is 10420 a multiple of 8?
False
Does 20 divide 7540?
True
Does 14 divide 15608?
False
Is 10 a factor of 54180?
True
Is 2132 a multiple of 82?
True
Is 96 a factor of 3168?
True
Does 13 divide 11590?
False
Is 294 even?
True
Does 16 divide 59?
False
Is 9 a factor of 18825?
False
Is 5 a factor of 729?
False
Does 27 divide 9585?
True
Does 41 divide 1006?
False
Is 941 a multiple of 14?
False
Does 153 divide 51867?
True
Does 418 divide 90937?
False
Does 36 divide 1836?
True
Is 949 a multiple of 73?
True
Does 12 divide 1060?
False
Does 13 divide 111151?
False
Is 3 a factor of 2073?
True
Is 3 a factor of 342?
True
Is 59 a factor of 2965?
False
Is 5 a factor of 685?
True
Is 544 even?
True
Is 64 a factor of 27584?
True
Does 111 divide 3987?
False
Does 10 divide 53160?
True
Is 149 a factor of 47829?
True
Is 4495 a multiple of 29?
True
Does 5 divide 1545?
True
Does 16 divide 2891?
False
Does 32 divide 80480?
True
Is 24975 a multiple of 25?
True
Does 9 divide 4580?
False
Does 185 divide 10136?
False
Does 32 divide 3456?
True
Is 15 a factor of 3959?
False
Does 8 divide 132528?
True
Is 432 a multiple of 21?
False
Does 9 divide 1620?
True
Is 172848 a multiple of 48?
True
Does 40 divide 1140?
False
Is 8120 a multiple of 29?
True
Does 19 divide 171?
True
Does 50 divide 6850?
True
Is 1672 a multiple of 4?
True
Does 12 divide 2208?
True
Is 36 a multiple of 6?
True
Does 23 divide 1081?
True
Is 71 a factor of 19022?
False
Does 70 divide 1050?
True
Is 21630 a multiple of 16?
False
Is 68306 a multiple of 119?
True
Is 799 a multiple of 47?
True
Is 28246 a multiple of 5?
False
Is 5 a factor of 295?
True
Is 2394 a multiple of 21?
True
Does 148 divide 75011?
False
Is 3 a factor of 686?
False
Is 83692 a multiple of 28?
True
Does 118 divide 1537?
False
Does 31 divide 2426?
False
Is 22 a factor of 6314?
True
Does 9 divide 378?
True
Is 15182 a multiple of 90?
False
Is 285 a factor of 36765?
True
Is 136 a multiple of 4?
True
Does 149 divide 87612?
True
Does 7 divide 3458?
True
Is 968 a multiple of 44?
True
Is 3543 a multiple of 23?
False
Does 30 divide 7667?
False
Does 55 divide 520?
False
Is 2480 a multiple of 18?
False
Is 4040 a multiple of 10?
True
Is 12614 a multiple of 106?
True
Is 98 a multiple of 14?
True
Is 1105 a multiple of 32?
False
Does 14 divide 458?
False
Is 247 a factor of 34580?
True
Does 12 divide 396?
True
Does 58 divide 18138?
False
Is 4 a factor of 31?
False
Is 39 a factor of 73227?
False
Is 66 a factor of 24980?
False
Is 9 a factor of 714?
False
Is 2580 a multiple of 15?
True
Is 370 a multiple of 9?
False
Does 13 divide 754?
True
Does 95 divide 1431?
False
Is 14 a factor of 2660?
True
Is 1226 a multiple of 18?
False
Is 50 a factor of 1272?
False
Is 41610 a multiple of 146?
True
Does 74 divide 1702?
True
Is 29 a factor of 1267?
False
Is 59 a factor of 824?
False
Is 29810 a multiple of 55?
True
Is 139 a factor of 7629?
False
Is 43125 a multiple of 345?
True
Is 35 a factor of 3154?
False
Does 13 divide 71552?
True
Is 12250 a multiple of 49?
True
Does 17 divide 442?
True
Is 5430 a multiple of 70?
False
Does 3 divide 207?
True
Is 167 a factor of 3507?
True
Is 4455 a multiple of 11?
True
Is 5 a factor of 50?
True
Is 21 a factor of 1207?
False
Does 104 divide 7023?
False
Is 126 a factor of 1386?
True
Is 319 a multiple of 42?
False
Is 65 a factor of 412?
False
Does 12 divide 192?
True
Is 160 a multiple of 5?
True
Does 4 divide 5636?
True
Is 37 a factor of 1135?
False
Is 81840 a multiple of 55?
True
Is 3838 a multiple of 122?
False
Is 10153 a multiple of 89?
False
Is 45108 a multiple of 7?
True
Does 19 divide 31635?
True
Does 25 divide 890?
False
Is 2738 a multiple of 50?
False
Does 69 divide 505?
False
Is 5 a factor of 2512?
False
Is 8 a factor of 1920?
True
Does 11 divide 737?
True
Is 33 a factor of 660?
True
Is 192 a multiple of 7?
False
Is 8797 a multiple of 19?
True
Is 31 a factor of 3379?
True
Is 1060 a multiple of 19?
False
Is 14157 a multiple of 3?
True
Is 440 a multiple of 15?
False
Is 36 a factor of 432?
True
Is 1575 a multiple of 28?
False
Is 467 a multiple of 20?
False
Is 17 a factor of 170?
True
Is 19 a factor of 27740?
True
Does 93 divide 2230?
False
Does 95 divide 70680?
True
Is 12415 a multiple of 9?
False
Is 13524 a multiple of 42?
True
Does 18 divide 155?
False
Does 68 divide 1326?
False
Is 2707 a multiple of 20?
False
Does 95 divide 1330?
True
Is 42 a factor of 1510?
False
Is 1512 a multiple of 15?
False
Is 2975 a multiple of 35?
True
Is 27 a factor of 1026?
True
Is 460 a multiple of 10?
True
Does 54 divide 3622?
Fals